
What is the value of 33 + -37 - (-2 - (-1 - -4))?
1
Calculate -1 + 3 + (-6 - (-3 - -2)).
-3
Calculate 5 - (1 - -5 - 5).
4
-2 + -1 + 10 + (-19 - -12)
0
Evaluate -2 + 0 + -2 - 0.
-4
What is the value of -2 - 1 - (5 - -2 - 12)?
2
Evaluate -6 + 1 + -146 + 152.
1
What is -3 - ((-5 - (-2 - 7)) + -7)?
0
Calculate (2 - ((6 - 4) + -4)) + -8.
-4
What is the value of 4 + -5 + 10 + -11 - -3?
1
2 - (8 - (-5 + 10))
-1
(6 - ((2 - 5) + 13)) + 4
0
What is the value of -3 + 5 + -1 + 4 - 4?
1
Calculate 12 - (11 - (-8 - -14)).
7
Evaluate 8 + -14 - -4 - 3.
-5
5 + -3 + 1 + -7
-4
Calculate -2 - (-3 - (-6 - -4 - 0)).
-1
Calculate 16 - (2 + 11) - -2.
5
What is (14 - (3 + 12)) + -3 + 1?
-3
Calculate -4 - (-2 - (4 + -10)).
-8
What is 6 + 1 + -7 + 4?
4
Calculate (-3 - (1 + 3)) + 3.
-4
Evaluate -6 + -4 - -4 - -6.
0
2 - 1 - (-51 - -60)
-8
Evaluate 0 - (-7 - (-16 + 6)).
-3
Calculate 15 + -13 + 7 + -13.
-4
3 - -2 - (-7 + 12 + -8)
8
Calculate (-6 - -3) + (4 - 1).
0
-2 - 0 - (14 + -12)
-4
4 + (4 - 8) + 4 + -2
2
What is (-1 - -3) + 2 + -3 + 1?
2
What is (-8 - -1 - 0) + (2 - -1)?
-4
Calculate 4 + -8 + 9 + (0 - 0).
5
Evaluate (-5 - -1) + 2 - (1 - 3).
0
What is the value of (3 - -1) + -11 + (18 - 7)?
4
What is -2 + 6 + 3 + -9?
-2
(-3 - 0) + (0 - 1)
-4
What is -3 + 3 - (-1 + 14 + -10)?
-3
What is the value of -80 + 87 + -2 + -7?
-2
Calculate -1 - 2 - (-2 + -2 + 2).
-1
What is the value of 2 + -3 + (-1 - 0)?
-2
-1 + (7 - 1) - (-3 - 1)
9
What is (-5 - -6) + 10 - 4?
7
What is 2 + -21 - (9 - 23)?
-5
What is the value of (-1 - 9) + (-36 - -51)?
5
1 - -4 - (0 + 1 + 0)
4
(5 - 10) + -2 + (2 - 0)
-5
What is the value of 6 + (-10 + -2 - -5)?
-1
Evaluate -3 + 5 + (4 - 11).
-5
What is 14 + -1 + 3 + -9?
7
Calculate 3 - (1 + 1 + 4).
-3
What is -3 - (10 + -2) - (1 - 7)?
-5
Evaluate 3 + (7 - 5 - 3).
2
What is the value of 5 + (0 - -1) - (33 + -33)?
6
What is the value of -2 - (-4 - -4) - -4?
2
Calculate 2 - (0 + 1 + 1).
0
Calculate -2 - 2 - 4 - -8.
0
Evaluate (4 + -3 - -1) + -6 + 2.
-2
Calculate (4 - 0) + -1 + (3 - 2).
4
What is the value of (2 - -1) + (-4 - (-8 + 4))?
3
What is the value of -1 + -6 + -8 + 10?
-5
(7 - 11 - -2) + 8
6
What is 10 + -21 - (-3 + -1)?
-7
What is 5 - (-4 - (-14 + 1))?
-4
What is 1 + 1 + (0 + -11 - -4)?
-5
Calculate (2 + 1 - 5) + (-1 - -1).
-2
What is (8 - -6) + -15 + -4?
-5
Evaluate 2 - (6 - (4 - 5)).
-5
-3 + (3 + -7 - -11) + -2
2
What is the value of 2 - 6 - (-4 - 6)?
6
Calculate (-1 - -1) + -5 + 0.
-5
-7 + 18 + -1 - 12
-2
What is -1 + 2 + (0 - (1 + 3))?
-3
What is -4 - (-6 - (-2 - -1 - 1))?
0
What is (-7 - -4) + 10 + -2?
5
What is the value of 0 - 7 - (-12 - -11)?
-6
Calculate 3 + -5 + (-10 - -10).
-2
What is (-8 - -8) + (0 - -1) - -1?
2
(-5 - (-1 - 0)) + 1
-3
What is -4 - ((-3 - -4) + 2 - 2)?
-5
What is the value of -16 + (-6 + 11 - -4)?
-7
What is the value of (4 - 5) + (2 - 3)?
-2
Calculate 0 - 0 - (2 - 6).
4
What is 4 + (0 - 6) + 9?
7
What is 20 + -17 - (0 - -1)?
2
What is the value of 2 + -1 - (4 - 0)?
-3
What is -15 + 6 - -2 - -10?
3
Evaluate 6 + -5 - (-5 + 10).
-4
1 - (-22 + 12) - (4 - -1)
6
Calculate 2 - (-5 + 9 + 2 - 0).
-4
Calculate 31 + -34 - (-4 - -1).
0
(-1 - -10 - 7) + 3
5
What is -3 + 1 + -4 + -3?
-9
Calculate 7 + (-5 - (-6 + 7 + -5)).
6
What is the value of 5 - 8 - (4 - 6 - 0)?
-1
0 - (-2 - (-6 + 0))
-4
What is the value of 0 + -9 + (1 + 1 - -2)?
-5
Evaluate (-2 + 6 - 2) + 0 - 5.
-3
What is (-6 - (-2 - 4)) + -1?
-1
3 - 0 - (6 - -1)
-4
Calculate (5 - 21) + 9 + -1.
-8
((-14 - -4) + -1 - -6) + -4
-9
Calculate (-3 + -1 - 0) + 24 + -22.
-2
Evaluate 3 + -4 + 16 + -4 + -5.
6
14 + -18 - (-5 + 1)
0
Evaluate -2 + (6 - 0) + 1 + 1.
6
-3 - ((2 - 1) + -5 + -1)
2
What is 10 + -6 + (-3 - -1)?
2
Evaluate 4 + -3 + -10 + 4.
-5
What is the value of 12 - (0 + 5) - (-10 - -9)?
8
8 + (2 + -1 - (7 - 3))
5
What is -5 + 1 - (-6 - -4)?
-2
-4 - (2 - (8 + -3))
-1
Evaluate -7 - (11 + -8 - 15).
5
What is the value of (2 - 10) + 9 + 6?
7
-4 - (1 + (0 - -2 - 6))
-1
-6 + -8 + 0 + 25
11
What is 2 - (-8 + 5) - 1 - 2?
2
Evaluate 5 + -8 + -2 - -9 - 2.
2
What is 3 - (-3 - -6 - 4)?
4
What is the value of -22 + 32 + -19 + 0 + 8?
-1
What is the value of -8 - (1 + (0 - (7 - 2)))?
-4
Evaluate 3 + -5 + (-1 - (-1 + 2)).
-4
-1 + -3 - (-2 + -1 + 1)
-2
Calculate 4 + 5 + (-3 + -10 - -3).
-1
1 + (5 + -4 - (7 + -9))
4
Evaluate 5 + -5 + (-2 - -2) - 4.
-4
What is the value of -5 + (2 + -5 + 6 - -5)?
3
What is the value of -2 + -1 + (4 - 0) - 3?
-2
(-5 - -6) + 4 - 3
2
What is the value of -4 - (-4 - (3 + 1 + -4))?
0
Evaluate 8 + 2 - (28 + -20).
2
(-8 - (8 + -14)) + 7
5
What is -76 - -73 - (-1 - -6)?
-8
What is -45 + 35 - (-1 - 3)?
-6
Evaluate -2 + -1 + 5 + -3 + -5.
-6
Evaluate (1 - -4) + -6 - (0 - 0).
-1
What is the value of (0 - 0) + -1 + 7?
6
What is -2 - (-5 - -2 - 1) - 6?
-4
1 + -3 - (1 + -7 + 2)
2
What is the value of 4 + (1 - -2) + (8 - 8)?
7
(0 + 4 - 9) + -1 + 10
4
(-1 - -3) + (8 - 6)
4
What is the value of (-17 - (10 - 7)) + 9?
-11
Evaluate 1 + (1 - (-3 + 4)).
1
Evaluate -6 + 7 + -8 + 13.
6
Evaluate 5 + (-3 + 2 - (0 - -1)).
3
Calculate -13 + (-1 + -3 - -13).
-4
What is the value of 3 + 1 - (0 + 2)?
2
Evaluate -15 - 2 - -2 - -8.
-7
Evaluate 5 + -8 + -3 + 8 + 1.
3
What is the value of 8 + -8 + (-2 - -8)?
6
What is the value of (8 - (-12 + 25)) + 5?
0
Calculate (4 - 0) + 0 - (-149 + 144).
9
0 + 5 - (-5 + 3 - -5)
2
What is 2 - 0 - (-27 - -32)?
-3
What is -4 - ((-1 - 2) + 3)?
-4
What is -4 - (6 + -19 + 11 + -5)?
3
What is 3 + (0 - 2) + -6?
-5
-5 - 11 - -3 - -6
-7
3 - (-4 + 4 + (5 - 1))
-1
What is (2 - 2) + (12 - 13)?
-1
What is (9 - 1 - 3 - 4) + 3?
4
What is 0 - 1 - (8 + -16 + 5)?
2
What is 21 - 13 - (5 - -7)?
-4
(-7 - (-15 + 4)) + (-2 - 7)
-5
1 - 2 - (-5 + (-5 - -10))
-1
Calculate 10 + -11 + 1 + -8.
-8
Evaluate (-2 - -1) + 3 + -7 + 5.
0
What is the value of -13 - -7 - (-9 - 1)?
4
Evaluate 3 - -2 - (12 + (-13 - -10)).
-4
What is 8 + (-6 - (-2 - 1)) - 1?
4
What is (-1 - -3) + 3 + 0 + -6?
-1
12 - (10 - (17 + -10))
9
Evaluate -2 + (-3 - -2) + 23 + -16.
4
What is the value of -6 + 1 + 2 + 6?
3
2 - -2 - 14 - -4
-6
What is -1 + -2 + 2 + 4 + -1?
2
Calculate -4 + (-4 - -5) - -4 - -2.
3
What is 6 - ((-3 - (-7 + 11)) + 6)?
7
What is the value of 3 + (-6 - 1 - -3)?
-1
Calculate -12 + 6 - -1 - 3.
-8
(-11 - -1) + 103 + -86
7
Evaluate 8 - (-9 + 6 - -5).
6
What is -1 - 1 - (5 - (7 - 0))?
0
What is 3 + (-3 - 1) + (-2 - 1)?
-4
What is (-3 - (-4 - 2)) + -2?
1
What is the value of 0 + 0 - (-26 - -21)?
5
What is 1 + (-2 - 3) + (-3 - -12)?
5
What is the value of -5 - (7 - (-3 - (-9 - 0)))?
-6
Calculate 3 + (3 + -6 - -7 - 6).
1
What is -6 + 7 + (-1 - (1 - 0))?
-1
Evaluate 5 + (-22 - -11) - 0.
-6
Evaluate -3 - (2 - (1 + (0 - -3))).
-1
Calculate 2 + 0 - 7 - -1.
-4
Calculate (-2 + -3 - -5) + -2.
-2
Calculate (11 - 13) + 9 + (2 - 7).
2
(4 + -4 - (-7 + 4)) + 2
5
Calculate 13 + -9 + (-2 - (3 + -1)).
0
What is 0 + (4 - 5 - -3)?
2
What is (0 - -2) + (-1 - (-6 + 2))?
5
What is (-4 - (5 + -3)) + 2?
-4
Calculate (-2 - -1) + (3 - (-3 - -4)).
1
What is (-3 - (0 - 0)) + -23 + 21?
-5
What is -5 + (-5 - -6) - (-15 - -7)?
4
Calculate 4 - (9 + (-3 - -2)).
-4
What is the value of (5 - 3) + (0 - 2)?
0
Evaluate 3 + -15 - (5 + -9 - 0).
-8
1 + -1 + (1 - -1)
2
(-3 - -1) + (2 - (5 + -8))
3
-3 - (-3 + 8 - 6 - 7)
5
Calculate -18 + 20 + (2 - 1).
3
-8 + (4 - -2) - 0
-2
Evaluate -7 + (24 - 10) + -1 + -1.
5
Calculate 0 - (-7 - (-6 + 3)).
4
Calculate (0 - 1) + (-1 - -4).
2
What is -2 + 3 - (5 - 0)?
-4
Evaluate -36 + 30 + (-1 - (3 + -1)).
-9
What is 4 - (2 + 0) - (1 + 5)?
-4
Calculate (5 - 0) + 8 + -7 - 3.
3
Evaluate 6 + -9 - (0 - 0).
-3
What is the value of 1 + -5 + (-13 - -28) + -12?
-1
(4 - 11 - -10) + -4
-1
5 - (24 + -13) - (-14 + -1)
9
What is the value of -1 - 6 - (2 - (8 - 4))?
-5
Calculate -14 + (15 - 12) + (3 - -1).
-7
Evaluate (-4 - (-13 + 5)) + -8 + 9.
5
Calculate 1 + -2 + -1 + -5.
-7
Calculate 5 - (-1 - -9 - 10) - -3.
10
What is the value of (-5 - (1 + -1)) + -1?
-6
What is -3 - (-6 + (3 - 1))?
1
What is 0 + 0 + 7 + -3 + -3?
1
1 - (0 - -1) - 2
-2
Evaluate 4 - (-4 - -5 - -5).
-2
-3 + (-3 - -7) + -1 + 0
0
What is 4 - -2 - 7 - (-3 - -2)?
0
Calculate -3 - (-11 - (7 - 14)).
1
Calculate 7 - ((3 - -3) + -4).
5
What is (0 + 1 - 1) + 2 + -4?
-2
15 + (-20 + 14 - 5)
4
What is the value of (1 - 2) + (40 - 41)?
-2
-1 + 2 + -1 - (25 + -27)
2
What is (2 -